{"id":1531,"date":"2021-02-28T16:43:24","date_gmt":"2021-02-28T16:43:24","guid":{"rendered":"https:\/\/alianzanorte.org\/?page_id=1531"},"modified":"2021-11-09T17:35:12","modified_gmt":"2021-11-09T22:35:12","slug":"donaciones","status":"publish","type":"page","link":"https:\/\/alianzanorte.org\/index.php\/donaciones\/","title":{"rendered":"Donaciones"},"content":{"rendered":"<p>[et_pb_section fb_built=\u00bb1&#8243; fullwidth=\u00bbon\u00bb _builder_version=\u00bb4.5.7&#8243; _module_preset=\u00bbdefault\u00bb locked=\u00bboff\u00bb][et_pb_fullwidth_image src=\u00bbhttps:\/\/alianzanorte.org\/wp-content\/uploads\/2021\/02\/Banner-donaciones.jpg\u00bb title_text=\u00bbBanner-donaciones\u00bb _builder_version=\u00bb4.9.0&#8243; _module_preset=\u00bbdefault\u00bb][\/et_pb_fullwidth_image][\/et_pb_section][et_pb_section fb_built=\u00bb1&#8243; _builder_version=\u00bb4.5.7&#8243; _module_preset=\u00bbdefault\u00bb custom_margin=\u00bb||45px|||\u00bb custom_padding=\u00bb||5px|||\u00bb locked=\u00bboff\u00bb][et_pb_row _builder_version=\u00bb4.5.7&#8243; _module_preset=\u00bbdefault\u00bb][et_pb_column type=\u00bb4_4&#8243; _builder_version=\u00bb4.5.7&#8243; _module_preset=\u00bbdefault\u00bb][et_pb_text _builder_version=\u00bb4.9.0&#8243; _module_preset=\u00bbdefault\u00bb text_font=\u00bb|700|||||||\u00bb text_text_color=\u00bbgcid-5c020fc9-e843-4f2e-8b35-05e08e093602&#8243; text_font_size=\u00bb30px\u00bb global_colors_info=\u00bb{%22gcid-5c020fc9-e843-4f2e-8b35-05e08e093602%22:%91%22text_text_color%22%93}\u00bb]<\/p>\n<p>Puedes involucrarte y participar de varias formas:<\/p>\n<p>[\/et_pb_text][et_pb_text _builder_version=\u00bb4.9.4&#8243; _module_preset=\u00bbdefault\u00bb text_font_size=\u00bb17px\u00bb custom_padding=\u00bb||0px|||\u00bb hover_enabled=\u00bb0&#8243; sticky_enabled=\u00bb0&#8243;]<\/p>\n<p><strong>DONACIONES <\/strong><\/p>\n<p>Tambi\u00e9n puedes involucrarte con tus donaciones:<\/p>\n<ul>\n<ul>\n<li><em><u>DIEZMOS Y OFRENDAS: <\/u><\/em><em>\u00a0Damos con un coraz\u00f3n generoso, alegre, agradecido y obediente.<\/em><\/li>\n<\/ul>\n<\/ul>\n<p>Cuenta corriente #3515603204 \u2013 Banco Pichincha &#8211;<\/p>\n<p>Iglesia Alianza Norte \u2013 RUC 0991263217001<\/p>\n<p><a href=\"mailto:contabilidad@aliananorte.org\">contabilidad@alianzanorte.org<\/a><\/p>\n<p>&nbsp;<\/p>\n<ul>\n<ul>\n<li><em><u>CONSTRUCCI\u00d3N<\/u><\/em><em>: <\/em>La obra contin\u00faa y continuamos con el desaf\u00edo de la construcci\u00f3n del Edificio de Educaci\u00f3n Cristiana donde tendremos Sala Cuna, espacio para los ni\u00f1os y j\u00f3venes; y aulas para capacitaci\u00f3n.<\/li>\n<\/ul>\n<\/ul>\n<p>Cuenta Corriente #2100146137 \u2013 Banco Pichincha &#8211;<\/p>\n<p>Iglesia Alianza Norte \u2013 RUC 0991263217001<\/p>\n<p><a href=\"mailto:contabilidad@aliananorte.org\">contabilidad@alianzanorte.org<\/a><\/p>\n<p>&nbsp;<\/p>\n<ul>\n<ul>\n<li><em><u>V\u00cdVERES NO PERECIBLES: <\/u><\/em><em>\u00a0<\/em>Puedes llevar a las instalaciones de la iglesia v\u00edveres no perecibles, y as\u00ed aportar a los ministerios de Canasta de Amor y Manos de Amor.<\/li>\n<li><em><u>MISIONES: <\/u><\/em>Somos una iglesia que aporta para las misiones locales y mundiales.<\/li>\n<\/ul>\n<\/ul>\n<p>Actualmente tenemos una pareja en el campo misionero &#8211; Asia. Tu puedes donar para el proyecto Oshiwa y as\u00ed bendecir para que la Palabra de Dios se siga expandiendo:<\/p>\n<p>Cuenta de Ahorros #2201743555 \u2013 Banco Pichincha &#8211;<\/p>\n<p>Iglesia Alianza Norte \u2013 RUC 0991263217001<\/p>\n<p><a href=\"mailto:contabilidad@aliananorte.org\">contabilidad@alianzanorte.org<\/a><\/p>\n<p>&nbsp;<\/p>\n<p><em>\u00a0<\/em><\/p>\n<p>[\/et_pb_text][\/et_pb_column][\/et_pb_row][\/et_pb_section][et_pb_section fb_built=\u00bb1&#8243; _builder_version=\u00bb4.5.1&#8243; _module_preset=\u00bbdefault\u00bb custom_padding=\u00bb0px||13px|||\u00bb locked=\u00bboff\u00bb][et_pb_row _builder_version=\u00bb4.5.6&#8243; _module_preset=\u00bbdefault\u00bb z_index=\u00bb246&#8243; custom_margin=\u00bb-61px|auto||auto||\u00bb custom_padding=\u00bb||5px|||\u00bb locked=\u00bboff\u00bb][et_pb_column type=\u00bb4_4&#8243; _builder_version=\u00bb4.5.1&#8243; _module_preset=\u00bbdefault\u00bb][et_pb_button button_url=\u00bb@ET-DC@eyJkeW5hbWljIjp0cnVlLCJjb250ZW50IjoicG9zdF9saW5rX3VybF9wYWdlIiwic2V0dGluZ3MiOnsicG9zdF9pZCI6IjgzNyJ9fQ==@\u00bb button_text=\u00bbOraci\u00f3n\u00bb button_text_tablet=\u00bb\u00bb button_text_phone=\u00bbOracion\u00bb button_text_last_edited=\u00bbon|phone\u00bb _builder_version=\u00bb4.9.1&#8243; _dynamic_attributes=\u00bbbutton_url\u00bb _module_preset=\u00bbdefault\u00bb custom_button=\u00bbon\u00bb button_text_color=\u00bb#ffffff\u00bb button_bg_color=\u00bb#e09900&#8243; button_border_color=\u00bb#ffffff\u00bb button_border_radius=\u00bb46px\u00bb button_icon=\u00bb%%259%%\u00bb button_icon_color=\u00bb#ffffff\u00bb positioning=\u00bbfixed\u00bb position_origin_f=\u00bbtop_right\u00bb vertical_offset=\u00bb91px\u00bb horizontal_offset=\u00bb29px\u00bb z_index=\u00bb178&#8243; custom_margin_tablet=\u00bb\u00bb custom_margin_phone=\u00bb|-15px|||false|false\u00bb custom_margin_last_edited=\u00bbon|phone\u00bb button_text_size_tablet=\u00bb\u00bb button_text_size_phone=\u00bb14px\u00bb button_text_size_last_edited=\u00bbon|tablet\u00bb global_module=\u00bb1037&#8243; saved_tabs=\u00bball\u00bb][\/et_pb_button][\/et_pb_column][\/et_pb_row][\/et_pb_section]<\/p>\n","protected":false},"excerpt":{"rendered":"<p>Puedes involucrarte y participar de varias formas:DONACIONES Tambi\u00e9n puedes involucrarte con tus donaciones: DIEZMOS Y OFRENDAS: \u00a0Damos con un coraz\u00f3n generoso, alegre, agradecido y obediente. Cuenta corriente #3515603204 \u2013 Banco Pichincha &#8211; Iglesia Alianza Norte \u2013 RUC 0991263217001 contabilidad@alianzanorte.org &nbsp; CONSTRUCCI\u00d3N: La obra contin\u00faa y continuamos con el desaf\u00edo de la construcci\u00f3n del Edificio de [&hellip;]<\/p>\n","protected":false},"author":1,"featured_media":0,"parent":0,"menu_order":0,"comment_status":"closed","ping_status":"closed","template":"","meta":{"_et_pb_use_builder":"on","_et_pb_old_content":"","_et_gb_content_width":"","footnotes":""},"class_list":["post-1531","page","type-page","status-publish","hentry"],"_links":{"self":[{"href":"https:\/\/alianzanorte.org\/index.php\/wp-json\/wp\/v2\/pages\/1531","targetHints":{"allow":["GET"]}}],"collection":[{"href":"https:\/\/alianzanorte.org\/index.php\/wp-json\/wp\/v2\/pages"}],"about":[{"href":"https:\/\/alianzanorte.org\/index.php\/wp-json\/wp\/v2\/types\/page"}],"author":[{"embeddable":true,"href":"https:\/\/alianzanorte.org\/index.php\/wp-json\/wp\/v2\/users\/1"}],"replies":[{"embeddable":true,"href":"https:\/\/alianzanorte.org\/index.php\/wp-json\/wp\/v2\/comments?post=1531"}],"version-history":[{"count":6,"href":"https:\/\/alianzanorte.org\/index.php\/wp-json\/wp\/v2\/pages\/1531\/revisions"}],"predecessor-version":[{"id":2001,"href":"https:\/\/alianzanorte.org\/index.php\/wp-json\/wp\/v2\/pages\/1531\/revisions\/2001"}],"wp:attachment":[{"href":"https:\/\/alianzanorte.org\/index.php\/wp-json\/wp\/v2\/media?parent=1531"}],"curies":[{"name":"wp","href":"https:\/\/api.w.org\/{rel}","templated":true}]}}